8, f - 2*f = 4*p - 9. Let b(i) be the third derivative of 0*i + 0 + 1/24*i**4 - 1/3*i**3 + 5*i**2. Calculate b(p).
1
Let b(i) = -i + 1. Suppose 2*w = 3 + 1. Suppose w*j + 4 = -2*u - 2*j, 3*u - 1 = j. Let m be b(u). Let g(l) = l + 1. Calculate g(m).
2
Suppose 0 = -d + 3*i + 2, -5*i = -2*d - 2*d + 8. Let l(w) = 2*w - 7 - 19*w**3 + 18*w**3 + 7. Give l(d).
-4
Let w(q) = -3*q - 3. Let n(o) = -o**3 - o**2 - 5. Let k = -2 - -2. Let b be n(k). Calculate w(b).
12
Let p(d) = 2*d - 4. Let r(m) = 6*m - 5*m + 0*m + 0*m. Let g be r(-3). Let z = g - -6. What is p(z)?
2
Let o(f) = -f**2 - 6*f - 3. Let i(h) = h**3 + 7*h**2 - h - 5. Let q be i(-7). Suppose 0 = l - q*w - 4, w - 2*w = l + 11. Calculate o(l).
-3
Suppose -4*p = c - 3*c - 8, 4*c - 11 = -p. Let z(i) = i**2 - 3*i - 4. Calculate z(p).
-4
Let v(y) = -y**2 - 4*y + 5. Suppose -2*a - 10 = -0*a. Let x be 46/(-10) + 2/a. What is v(x)?
0
Let k(d) = d + 1. Suppose 4*j = -9 - 11. Determine k(j).
-4
Let n(a) = -5*a - 6. Let m(u) = -10*u - 11. Let i(z) = -3*m(z) + 7*n(z). What is i(-7)?
26
Let r(b) = 4*b - 35. Let j(v) = -v + 7. Let h(z) = 11*j(z) + 2*r(z). Let p be (2 - 1)*(-2 + 7). Calculate h(p).
-8
Let n(m) = m**3 + m**2 + 1. Let f be n(-2). Let y(x) = 8*x**3 - 20*x**2 - 17. Let c(s) = 3*s**3 - 7*s**2 - 6. Let g(u) = -11*c(u) + 4*y(u). Determine g(f).
-2
Suppose -3*i = 2*i. Let x(z) = i*z**2 + 0 + 9*z**2 - 7*z**2 - 5*z + 4. What is x(3)?
7
Let l = 10 + -14. Let c(m) = -2*m. Let z(r) = 23*r + 3. Suppose 64 + 46 = -5*u. Let x(v) = u*c(v) - 2*z(v). Determine x(l).
2
Suppose 10 = 5*a - 5. Let u(q) = q - 4. Determine u(a).
-1
Let r(u) = -6 + 2*u - u**3 + 1 + 2. Let t be -6*(8/(-6))/4. Suppose -t*h - 2*h = -8. Give r(h).
-7
Suppose 3*z - 5*g - 2 = -0*z, 5*g = 4*z - 11. Let r(o) = o**2 - 9*o - 4. Let d be r(z). Let t(b) = b**2 + 3*b + 1. Determine t(d).
5
Let a(u) = u**3 - 15*u**2 + 12*u + 27. Let g be a(14). Let i(b) = b**3. Calculate i(g).
-1
Suppose -f + 5*o + 31 = 0, -4*f + o - 4*o = -32. Suppose 0 = 4*w - f - 9. Let m(v) = -3 + 5*v - v**3 - 6*v**2 + 6*v**3 - 4*v**3. Give m(w).
-3
Let t(f) = -f**2 - 6*f + 5. Let z(v) = -v**3 - 7*v**2 - 6. Let p be z(-7). Give t(p).
5
Let n(l) be the third derivative of -l**7/420 + 7*l**4/24 - l**2. Let i(z) be the second derivative of n(z). Calculate i(1).
-6
Let j be 6*-1*(0 - -1). Suppose 4*c = 5*c - 3. Let b(y) = -5*y + 70 + 2*y**2 - 65 - c*y**2. Give b(j).
-1
Let y(j) = -j**3 - 5*j**2 - 2*j - 7. Let l = -96 - -91. Give y(l).
3
Let q(p) be the third derivative of -5/24*p**4 + 2*p**2 + 0*p + 1/30*p**5 + 2/3*p**3 + 0. Determine q(3).
7
Let u(s) be the first derivative of s**3/3 + s**2 - 4*s - 19. Suppose -q = 3*o + 4*q + 7, 5*o + 24 = 4*q. Give u(o).
4
Let m(v) be the second derivative of v**4/12 - 4*v**3/3 - 3*v**2 + 4*v. Calculate m(7).
-13
Let l(n) = n**3 + 11*n**2. Let h(g) = -11*g**2. Let q be h(1). Let c be l(q). Let o(y) = y**3 + y - 8. Give o(c).
-8
Let f be (-10)/(-6) - 1/(-3). Let x(a) = 3*a - f*a - 2*a + 6. Calculate x(5).
1
Let s(b) be the second derivative of -b**5/10 + 19*b**4/12 + b**3/3 - 4*b**2 + 3*b. Let q(z) = -z**3 + 9*z**2 + z - 4. Let g(h) = 9*q(h) - 4*s(h). Give g(5).
1
Let c(y) be the third derivative of y**7/2520 - y**5/24 + y**4/4 + 2*y**2. Let d(j) be the second derivative of c(j). Calculate d(-4).
11
Let h be 8/2 - (1 - 2). Let s = h + -2. Let w(c) = 0 - s + 1 - 3*c + 1. Calculate w(-2).
5
Let h(j) = 8 - 3*j + j**3 - 2*j**3 - 6*j**2 + j - 14. Determine h(-6).
6
Let j = 1 + -3. Let x(g) = 3*g + 7. Let z(t) = t + 1. Let m(v) = x(v) - 5*z(v). Give m(j).
6
Let r(d) = d**3 + d**2 - d. Let v(w) = 4*w**3 - 8*w**2 + 7*w - 1. Let z(l) = -3*r(l) + v(l). What is z(10)?
-1
Let q(z) = 2*z. Let f(y) = -9*y - 3. Let o(v) = -f(v) - 4*q(v). What is o(-4)?
-1
Let i(a) = -a**3 - 5*a**2 - a + 3. Suppose 0 = -3*p - 9 - 6. Give i(p).
8
Let s(w) = w + 1. Let j be s(-10). Let a(g) = g**3 + 10*g**2 + 11*g + 13. Determine a(j).
-5
Let l(i) = -4*i + 3*i + 0*i**3 + 4*i**2 + 2*i**3. Give l(-3).
-15
Let p(q) = -16*q**2 + 12*q + 6. Let a(v) = v**2 - v + 1. Let u(z) = -5*a(z) - p(z). Let n(j) = 5*j**2 - 3*j - 5. Let g(i) = 13*n(i) - 6*u(i). Calculate g(-2).
-9
Let x(h) = 2*h + 26. Let g be x(-11). Let d(i) = 5*i - 2. Give d(g).
18
Let z be (-26)/(-120) - 1/5. Let t(g) be the third derivative of 0*g + 0 + 2*g**2 + 1/8*g**4 - z*g**5 + 1/6*g**3. What is t(3)?
1
Let y(j) = -2*j**2 - 6*j + 21. Let n(k) = k**2 + 3*k - 10. Let c(v) = 13*n(v) + 6*y(v). Suppose -4*x - 801 = -781. Determine c(x).
6
Let h(y) = y - 6. Let s(x) = -2*x + 12. Let v(q) = -5*h(q) - 3*s(q). Calculate v(5).
-1
Suppose 0*m - 16 = 2*m. Let d(v) = -v - 2. Let n be d(m). Let i(t) = -2*t + 1. What is i(n)?
-11
Let w(z) = -z. Let l(x) = -x**3 - 6*x**2 - 7*x - 7. Let r(v) = -l(v) + 5*w(v). Calculate r(-6).
-5
Let x(p) = 67*p**2 - 3*p + 8. Let f(b) = -22*b**2 + b - 3. Let a(c) = -11*f(c) - 4*x(c). Determine a(-1).
-26
Let t(u) = 5*u**2 + 7*u - 8. Let d(a) = -11*a**2 - 14*a + 17. Let k(p) = 4*d(p) + 9*t(p). What is k(-6)?
-10
Let g(k) = -k**3 - k**2 - 10. Suppose 0*l + 3*j - 3 = 4*l, 5*l = -j + 1. Suppose -r - r = 5*f - 4, l = -f - 3*r + 6. Calculate g(f).
-10
Let z = -6 - -10. Suppose z*n - 6 = 18. Let a(f) = -7*f**3 + 7*f**2 - f + 12. Let g(r) = -r**3 + r + 1. Let u(q) = -a(q) + 6*g(q). What is u(n)?
0
Let r(c) be the third derivative of -c**8/20160 - c**7/1260 + c**6/720 + c**5/60 - 4*c**2. Let k(x) be the third derivative of r(x). Give k(-3).
4
Let y = 11 + -8. Let i(t) be the first derivative of -t**3 - y*t - t**2 + 1/4*t**4 - 3. Determine i(4).
5
Let n(k) = 3*k**2 - 4*k + 2. Let l be -2 + -1 + 1 + 7. Let h = -6 + l. Let f(s) = -2*s. Let y be f(h). Determine n(y).
6
Let t(v) = v**2 + 6*v - 2. Let j = 62 - 69. Give t(j).
5
Let w = 2 + 0. Let k(r) = 0*r + 13 + 3*r - w*r. What is k(0)?
13
Let t(b) = b**3 + 6*b**2 + 5. Suppose -7*k + 20 = -2*k. Let o(g) = g**3 - 4*g**2 - g - 2. Let x be o(k). Determine t(x).
5
Let l(g) be the second derivative of -g**5/20 - g**4/2 - g**3/6 - 5*g**2/2 + 3*g. Give l(-6).
1
Suppose -15 = -2*o - 21. Let r(n) = -n - 4. Determine r(o).
-1
Let b(h) = -h**3 + 3*h**2 + 5*h - 1. Let t be 12/21 - (-72)/21. Give b(t).
3
Suppose y + 2*y = -h - 25, 3*h = 3*y - 15. Let c = -8 - h. Let v(m) = 8*m - 2. Calculate v(c).
14
Let u(f) = -f**2 + 5*f - 7. Let i be u(3). Let y(k) = 3*k - 1. Determine y(i).
-4
Let b(n) = -n**3 - 8*n**2 - 6*n + 9. Let h be b(-7). Suppose 0 = h*s + s + 15. Let j(i) = i**2 + 6*i - 6. Calculate j(s).
-11
Let z(u) = u + 5. Let a = -21 + 21. What is z(a)?
5
Suppose -3*u + 3*f = -27, 2*f + 0 = -6. Let i(w) = 12*w + u - 14*w + 3*w - 2. Calculate i(-3).
1
Suppose -3*k = -2*k - 1. Let w = 1 - k. Let g(a) = a + 4. Calculate g(w).
4
Let u(s) = -s + 3. Suppose 5*q + 4*m + 1 + 2 = 0, 2*m + 3 = -3*q. Let l = 3 + q. Suppose l = i + 7 - 4. Determine u(i).
6
Let i(p) be the third derivative of p**7/2520 + p**6/180 - 3*p**4/8 + 2*p**2. Let v(d) be the second derivative of i(d). What is v(-5)?
5
Let i(t) = -2*t**3 - 23*t**2 + 12*t + 2. Let j be i(-12). Let o(l) = l**2. Give o(j).
4
Let l(c) = 2*c - 12. Let p(k) = -k + 6. Let n(t) = -4*l(t) - 9*p(t). Let b(i) = i + 5. Let z be b(-6). Let d be 2 + z/(3/(-6)). Determine n(d).
-2
Let c(b) be the first derivative of 1 + 4*b - 1/2*b**2. Determine c(4).
0
Let n(y) be the second derivative of -y**4/6 + y**3/2 + y**2 + 33*y. Let f be ((-4)/(-6))/((-2)/(-9)). Determine n(f).
-7
Let r(p) = p + 2*p**2 + 0*p**2 + 2*p**3 + 1 - 2*p**3 - 2*p**3. Suppose 14 = 2*d - 6. Suppose -5*h + 4*z - d = 0, -5*h + 8*z - 15 = 3*z. Calculate r(h).
-5
Let q(o) = -o**3 - 2*o**2 + 5*o - 3. Suppose 0 = 66*n - 64*n + 8. Give q(n).
9
Let v(d) = -d + 5. Let l(a) = -a**2 + 2*a - 3. Let n be l(4). Let g be ((-1)/3)/(n/99). Determine v(g).
2
Suppose 0 = z + 11 + 6. Let o(v) be the second derivative of 7*v**4/6 + 10*v**2 - v. Let a(j) = 5*j**2 + 7. Let l(g) = z*a(g) + 6*o(g). Determine l(-1).
0
Let l(n) = n**3 + 2*n**2 - 2*n - 1. Let d be l(-2). Let u(r) = 0 + 4*r + 5 - 6*r**2 - 5*r**d + 6*r**3. Give u(5).
0
Let l(y) = -5*y**2 + 5*y - 11. Let q(x) = 4*x**2 - 4*x + 12. Let c(w) = -3*l(w) - 4*q(w). What is c(0)?
-15
Suppose 2*u - 3*s = 4 - 1, s = u - 1. Let n = -3 - u. Let a(g) = -7*g + 8. Let j(x) = x - 1. Let q(y) = -a(y) - 5*j(y). Calculate q(n).
-9
Let x(c) = c**3 - 2*c**2 - 5*c + 4. Let